{"version":"1.0","provider_name":"Kolozsv\u00e1ri Magyar Napok 2024","provider_url":"https:\/\/magyarnapok.ro\/2024","title":"Eml\u00e9k\u0151rz\u0151 t\u00e1rlaton elevenedik meg az Orosz-csal\u00e1d m\u00faltja - Kolozsv\u00e1ri Magyar Napok 2024","type":"rich","width":600,"height":338,"html":"<blockquote class=\"wp-embedded-content\" data-secret=\"CrDf1Ss639\"><a href=\"https:\/\/magyarnapok.ro\/2024\/emlekorzo-tarlaton-elevenedik-meg-az-orosz-csalad-multja\/\">Eml\u00e9k\u0151rz\u0151 t\u00e1rlaton elevenedik meg az Orosz-csal\u00e1d m\u00faltja<\/a><\/blockquote><iframe sandbox=\"allow-scripts\" security=\"restricted\" src=\"https:\/\/magyarnapok.ro\/2024\/emlekorzo-tarlaton-elevenedik-meg-az-orosz-csalad-multja\/embed\/#?secret=CrDf1Ss639\" width=\"600\" height=\"338\" title=\"&#8220;Eml\u00e9k\u0151rz\u0151 t\u00e1rlaton elevenedik meg az Orosz-csal\u00e1d m\u00faltja&#8221; &#8212; Kolozsv\u00e1ri Magyar Napok 2024\" data-secret=\"CrDf1Ss639\" frameborder=\"0\" marginwidth=\"0\" marginheight=\"0\" scrolling=\"no\" class=\"wp-embedded-content\"><\/iframe><script type=\"text\/javascript\">\n\/* <![CDATA[ *\/\n\/*! This file is auto-generated *\/\n!function(d,l){\"use strict\";l.querySelector&&d.addEventListener&&\"undefined\"!=typeof URL&&(d.wp=d.wp||{},d.wp.receiveEmbedMessage||(d.wp.receiveEmbedMessage=function(e){var t=e.data;if((t||t.secret||t.message||t.value)&&!\/[^a-zA-Z0-9]\/.test(t.secret)){for(var s,r,n,a=l.querySelectorAll('iframe[data-secret=\"'+t.secret+'\"]'),o=l.querySelectorAll('blockquote[data-secret=\"'+t.secret+'\"]'),c=new RegExp(\"^https?:$\",\"i\"),i=0;i<o.length;i++)o[i].style.display=\"none\";for(i=0;i<a.length;i++)s=a[i],e.source===s.contentWindow&&(s.removeAttribute(\"style\"),\"height\"===t.message?(1e3<(r=parseInt(t.value,10))?r=1e3:~~r<200&&(r=200),s.height=r):\"link\"===t.message&&(r=new URL(s.getAttribute(\"src\")),n=new URL(t.value),c.test(n.protocol))&&n.host===r.host&&l.activeElement===s&&(d.top.location.href=t.value))}},d.addEventListener(\"message\",d.wp.receiveEmbedMessage,!1),l.addEventListener(\"DOMContentLoaded\",function(){for(var e,t,s=l.querySelectorAll(\"iframe.wp-embedded-content\"),r=0;r<s.length;r++)(t=(e=s[r]).getAttribute(\"data-secret\"))||(t=Math.random().toString(36).substring(2,12),e.src+=\"#?secret=\"+t,e.setAttribute(\"data-secret\",t)),e.contentWindow.postMessage({message:\"ready\",secret:t},\"*\")},!1)))}(window,document);\n\/\/# sourceURL=https:\/\/magyarnapok.ro\/2024\/wp-includes\/js\/wp-embed.min.js\n\/* ]]> *\/\n<\/script>\n","thumbnail_url":"https:\/\/magyarnapok.ro\/2024\/wp-content\/uploads\/2024\/08\/KMN2024_Orosz-gyujtemeny-Ars-Sacra-Claudiopolitana_20240816_182506_SZZ_2890-1-scaled.jpg","thumbnail_width":2560,"thumbnail_height":1707,"description":"Maier Orosz Judit k\u00e9pz\u0151m\u0171v\u00e9sz \u00e9s senior \u00fasz\u00f3 csal\u00e1dj\u00e1nak gy\u0171jtem\u00e9ny\u00e9b\u0151l \u00f6ssze\u00e1ll\u00edtott ki\u00e1ll\u00edt\u00e1s ny\u00edlt a 15. Kolozsv\u00e1ri Magyar Napok keret\u00e9n bel\u00fcl."}

Kolozsvári Magyar Napok 2024

Emlékőrző tárlaton elevenedik meg az Orosz-család múltja - Kolozsvári Magyar Napok 2024

<blockquote class="wp-embedded-content" data-secret="CrDf1Ss639"><a href="https://magyarnapok.ro/2024/emlekorzo-tarlaton-elevenedik-meg-az-orosz-csalad-multja/">Emlékőrző tárlaton elevenedik meg az Orosz-család múltja</a></blockquote><iframe sandbox="allow-scripts" security="restricted" src="https://magyarnapok.ro/2024/emlekorzo-tarlaton-elevenedik-meg-az-orosz-csalad-multja/embed/#?secret=CrDf1Ss639" width="600" height="338" title="&#8220;Emlékőrző tárlaton elevenedik meg az Orosz-család múltja&#8221; &#8212; Kolozsvári Magyar Napok 2024" data-secret="CrDf1Ss639" frameborder="0" marginwidth="0" marginheight="0" scrolling="no" class="wp-embedded-content"></iframe><script type="text/javascript">
/* <![CDATA[ */
/*! This file is auto-generated */
!function(d,l){"use strict";l.querySelector&&d.addEventListener&&"undefined"!=typeof URL&&(d.wp=d.wp||{},d.wp.receiveEmbedMessage||(d.wp.receiveEmbedMessage=function(e){var t=e.data;if((t||t.secret||t.message||t.value)&&!/[^a-zA-Z0-9]/.test(t.secret)){for(var s,r,n,a=l.querySelectorAll('iframe[data-secret="'+t.secret+'"]'),o=l.querySelectorAll('blockquote[data-secret="'+t.secret+'"]'),c=new RegExp("^https?:$","i"),i=0;i<o.length;i++)o[i].style.display="none";for(i=0;i<a.length;i++)s=a[i],e.source===s.contentWindow&&(s.removeAttribute("style"),"height"===t.message?(1e3<(r=parseInt(t.value,10))?r=1e3:~~r<200&&(r=200),s.height=r):"link"===t.message&&(r=new URL(s.getAttribute("src")),n=new URL(t.value),c.test(n.protocol))&&n.host===r.host&&l.activeElement===s&&(d.top.location.href=t.value))}},d.addEventListener("message",d.wp.receiveEmbedMessage,!1),l.addEventListener("DOMContentLoaded",function(){for(var e,t,s=l.querySelectorAll("iframe.wp-embedded-content"),r=0;r<s.length;r++)(t=(e=s[r]).getAttribute("data-secret"))||(t=Math.random().toString(36).substring(2,12),e.src+="#?secret="+t,e.setAttribute("data-secret",t)),e.contentWindow.postMessage({message:"ready",secret:t},"*")},!1)))}(window,document);
//# sourceURL=https://magyarnapok.ro/2024/wp-includes/js/wp-embed.min.js
/* ]]> */
</script>

Maier Orosz Judit képzőművész és senior úszó családjának gyűjteményéből összeállított kiállítás nyílt a 15. Kolozsvári Magyar Napok keretén belül.
